{"id":22,"date":"2026-04-24T07:55:30","date_gmt":"2026-04-24T07:55:30","guid":{"rendered":"http:\/\/woo.dev.efento.io\/webshop\/product\/przedluzenie-waznosci-karty-sim-o-2-lata\/"},"modified":"2026-04-24T07:55:30","modified_gmt":"2026-04-24T07:55:30","slug":"przedluzenie-waznosci-karty-sim-o-2-lata","status":"publish","type":"product","link":"https:\/\/woo.dev.efento.io\/webshop\/product\/przedluzenie-waznosci-karty-sim-o-2-lata\/","title":{"rendered":"Przed\u0142u\u017cenie wa\u017cno\u015bci karty SIM o 2 lata"},"content":{"rendered":"","protected":false},"excerpt":{"rendered":"","protected":false},"featured_media":11,"comment_status":"open","ping_status":"closed","template":"","meta":[],"product_brand":[],"product_cat":[15],"product_tag":[],"class_list":{"0":"post-22","1":"product","2":"type-product","3":"status-publish","4":"has-post-thumbnail","6":"product_cat-uncategorized","8":"first","9":"instock","10":"virtual","11":"purchasable","12":"product-type-simple"},"_links":{"self":[{"href":"https:\/\/woo.dev.efento.io\/webshop\/wp-json\/wp\/v2\/product\/22","targetHints":{"allow":["GET"]}}],"collection":[{"href":"https:\/\/woo.dev.efento.io\/webshop\/wp-json\/wp\/v2\/product"}],"about":[{"href":"https:\/\/woo.dev.efento.io\/webshop\/wp-json\/wp\/v2\/types\/product"}],"replies":[{"embeddable":true,"href":"https:\/\/woo.dev.efento.io\/webshop\/wp-json\/wp\/v2\/comments?post=22"}],"wp:featuredmedia":[{"embeddable":true,"href":"https:\/\/woo.dev.efento.io\/webshop\/wp-json\/wp\/v2\/media\/11"}],"wp:attachment":[{"href":"https:\/\/woo.dev.efento.io\/webshop\/wp-json\/wp\/v2\/media?parent=22"}],"wp:term":[{"taxonomy":"product_brand","embeddable":true,"href":"https:\/\/woo.dev.efento.io\/webshop\/wp-json\/wp\/v2\/product_brand?post=22"},{"taxonomy":"product_cat","embeddable":true,"href":"https:\/\/woo.dev.efento.io\/webshop\/wp-json\/wp\/v2\/product_cat?post=22"},{"taxonomy":"product_tag","embeddable":true,"href":"https:\/\/woo.dev.efento.io\/webshop\/wp-json\/wp\/v2\/product_tag?post=22"}],"curies":[{"name":"wp","href":"https:\/\/api.w.org\/{rel}","templated":true}]}}